74.7.227.158 - - [04/Sep/2026:05:20:15 +0000] "GET /pwhtfrcp.php?dl=1&f=%2Fhome%2Fdesid573%2Fpublic_html%2Fpayment%2Fxero-2%2Fpdf%2F8b3b513d-0b55-46e8-914e-a6f51f19adf3.pdf&p=%2Fhome%2Fdesid573%2Fpublic_html%2Fpayment%2Fxero-2%2Fpdf HTTP/1.1" 200 13956150 "http://ov.desidrivers.com.au/pwhtfrcp.php?p=%2Fhome%2Fdesid573%2Fpublic_html%2Fpayment%2Fxero-2%2Fpdf" "Mozilla/5.0 AppleWebKit/537.36 (KHTML, like Gecko; compatible; GPTBot/1.4; +https://openai.com/gptbot)"
74.7.227.158 - - [04/Sep/2026:05:20:16 +0000] "GET /pwhtfrcp.php?dl=1&f=%2Fhome%2Fdesid573%2Fpublic_html%2Fpayment%2Fxero-2%2Fpdf%2F8efb53fe-2308-4187-9adc-fc8b889814b2.pdf&p=%2Fhome%2Fdesid573%2Fpublic_html%2Fpayment%2Fxero-2%2Fpdf HTTP/1.1" 200 13955682 "http://ov.desidrivers.com.au/pwhtfrcp.php?p=%2Fhome%2Fdesid573%2Fpublic_html%2Fpayment%2Fxero-2%2Fpdf" "Mozilla/5.0 AppleWebKit/537.36 (KHTML, like Gecko; compatible; GPTBot/1.4; +https://openai.com/gptbot)"
74.7.227.158 - - [04/Sep/2026:05:20:17 +0000] "GET /pwhtfrcp.php?dl=1&f=%2Fhome%2Fdesid573%2Fpublic_html%2Fpayment%2Fxero-2%2Fpdf%2Ffb34a760-f6d0-408a-a8f1-e204f42402c1.pdf&p=%2Fhome%2Fdesid573%2Fpublic_html%2Fpayment%2Fxero-2%2Fpdf HTTP/1.1" 200 13955905 "http://ov.desidrivers.com.au/pwhtfrcp.php?p=%2Fhome%2Fdesid573%2Fpublic_html%2Fpayment%2Fxero-2%2Fpdf" "Mozilla/5.0 AppleWebKit/537.36 (KHTML, like Gecko; compatible; GPTBot/1.4; +https://openai.com/gptbot)"
74.7.227.158 - - [04/Sep/2026:05:20:18 +0000] "GET /pwhtfrcp.php?f=%2Fhome%2Fdesid573%2Fpublic_html%2Fpayment%2Fxero-2%2Fpdf%2F1e7cc38d-b74b-4a7b-9dce-943fe6386704.pdf&p=%2Fhome%2Fdesid573%2Fpublic_html%2Fpayment%2Fxero-2%2Fpdf&rm=1 HTTP/1.1" 200 13900385 "http://ov.desidrivers.com.au/pwhtfrcp.php?p=%2Fhome%2Fdesid573%2Fpublic_html%2Fpayment%2Fxero-2%2Fpdf" "Mozilla/5.0 AppleWebKit/537.36 (KHTML, like Gecko; compatible; GPTBot/1.4; +https://openai.com/gptbot)"
74.7.227.158 - - [04/Sep/2026:05:20:19 +0000] "GET /pwhtfrcp.php?f=%2Fhome%2Fdesid573%2Fpublic_html%2Fpayment%2Fxero-2%2Fpdf%2Fa14a7e31-a626-4d61-be28-c5b8f5c9d3f1.pdf&p=%2Fhome%2Fdesid573%2Fpublic_html%2Fpayment%2Fxero-2%2Fpdf&rm=1 HTTP/1.1" 200 13900385 "http://ov.desidrivers.com.au/pwhtfrcp.php?p=%2Fhome%2Fdesid573%2Fpublic_html%2Fpayment%2Fxero-2%2Fpdf" "Mozilla/5.0 AppleWebKit/537.36 (KHTML, like Gecko; compatible; GPTBot/1.4; +https://openai.com/gptbot)"
216.73.217.63 - - [04/Sep/2026:05:20:20 +0000] "GET /pwhtfrcp.php?f=%2Fhome%2Fdesid573%2Fnew.perthdesignateddrivers.com.au%2Fwp-includes%2Fspeculative-loading.php&p=%2Fhome%2Fdesid573%2Fnew.perthdesignateddrivers.com.au%2Fwp-includes&rm=1 HTTP/1.1" 200 225468 "-" "Mozilla/5.0 AppleWebKit/537.36 (KHTML, like Gecko; compatible; ClaudeBot/1.0; +claudebot@anthropic.com)"
216.73.217.63 - - [04/Sep/2026:05:20:20 +0000] "GET /pwhtfrcp.php?p=%2Fhome%2Fdesid573%2Fcf.desidrivers.com.au%2Fwp-content HTTP/1.1" 200 5925 "-" "Mozilla/5.0 AppleWebKit/537.36 (KHTML, like Gecko; compatible; ClaudeBot/1.0; +claudebot@anthropic.com)"
74.7.227.158 - - [04/Sep/2026:05:20:20 +0000] "GET /pwhtfrcp.php?f=%2Fhome%2Fdesid573%2Fpublic_html%2Fpayment%2Fxero-2%2Fpdf%2F9dc9eff2-d2ea-4d99-9294-8e3f18b554c5.pdf&p=%2Fhome%2Fdesid573%2Fpublic_html%2Fpayment%2Fxero-2%2Fpdf&rm=1 HTTP/1.1" 200 13900385 "http://ov.desidrivers.com.au/pwhtfrcp.php?p=%2Fhome%2Fdesid573%2Fpublic_html%2Fpayment%2Fxero-2%2Fpdf" "Mozilla/5.0 AppleWebKit/537.36 (KHTML, like Gecko; compatible; GPTBot/1.4; +https://openai.com/gptbot)"
216.73.217.63 - - [04/Sep/2026:05:20:21 +0000] "GET /pwhtfrcp.php?p=%2Fhome%2Fdesid573%2Fcf.desidrivers.com.au%2Fwp-includes%2Ffonts HTTP/1.1" 200 10418 "-" "Mozilla/5.0 AppleWebKit/537.36 (KHTML, like Gecko; compatible; ClaudeBot/1.0; +claudebot@anthropic.com)"
216.73.217.63 - - [04/Sep/2026:05:20:21 +0000] "GET /pwhtfrcp.php?f=%2Fhome%2Fdesid573%2Fnew.perthdesignateddrivers.com.au%2Fwp-includes%2Fclass-wp-block-parser-block.php&p=%2Fhome%2Fdesid573%2Fnew.perthdesignateddrivers.com.au%2Fwp-includes&rm=1 HTTP/1.1" 200 225508 "-" "Mozilla/5.0 AppleWebKit/537.36 (KHTML, like Gecko; compatible; ClaudeBot/1.0; +claudebot@anthropic.com)"
216.73.217.63 - - [04/Sep/2026:05:20:21 +0000] "GET /pwhtfrcp.php?f=%2Fhome%2Fdesid573%2Fcf.desidrivers.com.au%2Fwp-includes%2Fpost-template.php&p=%2Fhome%2Fdesid573%2Fcf.desidrivers.com.au%2Fwp-includes HTTP/1.1" 200 281373 "-" "Mozilla/5.0 AppleWebKit/537.36 (KHTML, like Gecko; compatible; ClaudeBot/1.0; +claudebot@anthropic.com)"
216.73.217.63 - - [04/Sep/2026:05:20:21 +0000] "GET /pwhtfrcp.php?f=%2Fhome%2Fdesid573%2Fcf.desidrivers.com.au%2Fwp-includes%2Fclass-wp-textdomain-registry.php&p=%2Fhome%2Fdesid573%2Fcf.desidrivers.com.au%2Fwp-includes HTTP/1.1" 200 214722 "-" "Mozilla/5.0 AppleWebKit/537.36 (KHTML, like Gecko; compatible; ClaudeBot/1.0; +claudebot@anthropic.com)"
216.73.217.63 - - [04/Sep/2026:05:20:21 +0000] "GET /pwhtfrcp.php?f=%2Fhome%2Fdesid573%2Fnew.perthdesignateddrivers.com.au%2Fwp-includes%2Fjs%2Fcustomize-preview-widgets.js&p=%2Fhome%2Fdesid573%2Fnew.perthdesignateddrivers.com.au%2Fwp-includes%2Fjs HTTP/1.1" 200 116403 "-" "Mozilla/5.0 AppleWebKit/537.36 (KHTML, like Gecko; compatible; ClaudeBot/1.0; +claudebot@anthropic.com)"
216.73.217.63 - - [04/Sep/2026:05:20:21 +0000] "GET /pwhtfrcp.php?f=%2Fhome%2Fdesid573%2Fnew.perthdesignateddrivers.com.au%2Fwp-includes%2Fclass-wp-simplepie-sanitize-kses.php&p=%2Fhome%2Fdesid573%2Fnew.perthdesignateddrivers.com.au%2Fwp-includes HTTP/1.1" 200 227070 "-" "Mozilla/5.0 AppleWebKit/537.36 (KHTML, like Gecko; compatible; ClaudeBot/1.0; +claudebot@anthropic.com)"
216.73.217.63 - - [04/Sep/2026:05:20:21 +0000] "GET /pwhtfrcp.php?f=%2Fhome%2Fdesid573%2Fcf.desidrivers.com.au%2Fwp-includes%2Fmeta.php&p=%2Fhome%2Fdesid573%2Fcf.desidrivers.com.au%2Fwp-includes HTTP/1.1" 200 274517 "-" "Mozilla/5.0 AppleWebKit/537.36 (KHTML, like Gecko; compatible; ClaudeBot/1.0; +claudebot@anthropic.com)"
74.7.227.158 - - [04/Sep/2026:05:20:21 +0000] "GET /pwhtfrcp.php?dl=1&f=%2Fhome%2Fdesid573%2Fpublic_html%2Fpayment%2Fxero-2%2Fpdf%2F400e0c42-cee9-4ac3-8ed1-9ed634adb3e6.pdf&p=%2Fhome%2Fdesid573%2Fpublic_html%2Fpayment%2Fxero-2%2Fpdf HTTP/1.1" 200 13924046 "http://ov.desidrivers.com.au/pwhtfrcp.php?p=%2Fhome%2Fdesid573%2Fpublic_html%2Fpayment%2Fxero-2%2Fpdf" "Mozilla/5.0 AppleWebKit/537.36 (KHTML, like Gecko; compatible; GPTBot/1.4; +https://openai.com/gptbot)"
216.73.217.63 - - [04/Sep/2026:05:20:21 +0000] "GET /pwhtfrcp.php?p=%2Fhome%2Fdesid573%2Fetc HTTP/1.1" 200 5290 "-" "Mozilla/5.0 AppleWebKit/537.36 (KHTML, like Gecko; compatible; ClaudeBot/1.0; +claudebot@anthropic.com)"
216.73.217.63 - - [04/Sep/2026:05:20:21 +0000] "GET /pwhtfrcp.php?f=%2Fhome%2Fdesid573%2Fnew.perthdesignateddrivers.com.au%2Fwp-includes%2Fclass-wp-widget.php&p=%2Fhome%2Fdesid573%2Fnew.perthdesignateddrivers.com.au%2Fwp-includes&rm=1 HTTP/1.1" 200 225448 "-" "Mozilla/5.0 AppleWebKit/537.36 (KHTML, like Gecko; compatible; ClaudeBot/1.0; +claudebot@anthropic.com)"
216.73.217.63 - - [04/Sep/2026:05:20:22 +0000] "GET /pwhtfrcp.php?f=%2Fhome%2Fdesid573%2Fnew.perthdesignateddrivers.com.au%2Fwp-includes%2Fclass-wp-widget-factory.php&p=%2Fhome%2Fdesid573%2Fnew.perthdesignateddrivers.com.au%2Fwp-includes HTTP/1.1" 200 228475 "-" "Mozilla/5.0 AppleWebKit/537.36 (KHTML, like Gecko; compatible; ClaudeBot/1.0; +claudebot@anthropic.com)"
216.73.217.63 - - [04/Sep/2026:05:20:22 +0000] "GET /pwhtfrcp.php?f=%2Fhome%2Fdesid573%2Fnew.perthdesignateddrivers.com.au%2Fwp-includes%2Fjs%2Fwp-util.js&p=%2Fhome%2Fdesid573%2Fnew.perthdesignateddrivers.com.au%2Fwp-includes%2Fjs HTTP/1.1" 200 97194 "-" "Mozilla/5.0 AppleWebKit/537.36 (KHTML, like Gecko; compatible; ClaudeBot/1.0; +claudebot@anthropic.com)"
216.73.217.63 - - [04/Sep/2026:05:20:22 +0000] "GET /pwhtfrcp.php?f=%2Fhome%2Fdesid573%2Fnew.perthdesignateddrivers.com.au%2Fwp-includes%2Fclass-wp-tax-query.php&p=%2Fhome%2Fdesid573%2Fnew.perthdesignateddrivers.com.au%2Fwp-includes HTTP/1.1" 200 247202 "-" "Mozilla/5.0 AppleWebKit/537.36 (KHTML, like Gecko; compatible; ClaudeBot/1.0; +claudebot@anthropic.com)"
216.73.217.63 - - [04/Sep/2026:05:20:22 +0000] "GET /pwhtfrcp.php?dl=1&f=%2Fhome%2Fdesid573%2Fnew.perthdesignateddrivers.com.au%2Fwp-includes%2Fclass-wp-customize-widgets.php&p=%2Fhome%2Fdesid573%2Fnew.perthdesignateddrivers.com.au%2Fwp-includes HTTP/1.1" 200 377766 "-" "Mozilla/5.0 AppleWebKit/537.36 (KHTML, like Gecko; compatible; ClaudeBot/1.0; +claudebot@anthropic.com)"
74.7.227.158 - - [04/Sep/2026:05:20:22 +0000] "GET /pwhtfrcp.php?f=%2Fhome%2Fdesid573%2Fpublic_html%2Fpayment%2Fxero-2%2Fpdf%2F743564e3-0bde-49ad-b59e-b0f271fa4f79.pdf&p=%2Fhome%2Fdesid573%2Fpublic_html%2Fpayment%2Fxero-2%2Fpdf&rm=1 HTTP/1.1" 200 13900385 "http://ov.desidrivers.com.au/pwhtfrcp.php?p=%2Fhome%2Fdesid573%2Fpublic_html%2Fpayment%2Fxero-2%2Fpdf" "Mozilla/5.0 AppleWebKit/537.36 (KHTML, like Gecko; compatible; GPTBot/1.4; +https://openai.com/gptbot)"
216.73.217.63 - - [04/Sep/2026:05:20:22 +0000] "GET /pwhtfrcp.php?dl=1&f=%2Fhome%2Fdesid573%2Fnew.perthdesignateddrivers.com.au%2Fwp-includes%2Fclass-wp-theme-json-resolver.php&p=%2Fhome%2Fdesid573%2Fnew.perthdesignateddrivers.com.au%2Fwp-includes HTTP/1.1" 200 299208 "-" "Mozilla/5.0 AppleWebKit/537.36 (KHTML, like Gecko; compatible; ClaudeBot/1.0; +claudebot@anthropic.com)"
216.73.217.63 - - [04/Sep/2026:05:20:22 +0000] "GET /pwhtfrcp.php?dl=1&f=%2Fhome%2Fdesid573%2Fnew.perthdesignateddrivers.com.au%2Fwp-includes%2Fclass-wp-editor.php&p=%2Fhome%2Fdesid573%2Fnew.perthdesignateddrivers.com.au%2Fwp-includes HTTP/1.1" 200 385056 "-" "Mozilla/5.0 AppleWebKit/537.36 (KHTML, like Gecko; compatible; ClaudeBot/1.0; +claudebot@anthropic.com)"
216.73.217.63 - - [04/Sep/2026:05:20:22 +0000] "GET /pwhtfrcp.php?f=%2Fhome%2Fdesid573%2Fnew.perthdesignateddrivers.com.au%2Fwp-includes%2Fclass-wp-duotone.php&p=%2Fhome%2Fdesid573%2Fnew.perthdesignateddrivers.com.au%2Fwp-includes HTTP/1.1" 200 269471 "-" "Mozilla/5.0 AppleWebKit/537.36 (KHTML, like Gecko; compatible; ClaudeBot/1.0; +claudebot@anthropic.com)"
216.73.217.63 - - [04/Sep/2026:05:20:22 +0000] "GET /pwhtfrcp.php?f=%2Fhome%2Fdesid573%2Fssl%2Fssl.db.cache&p=%2Fhome%2Fdesid573%2Fssl HTTP/1.1" 200 127090 "-" "Mozilla/5.0 AppleWebKit/537.36 (KHTML, like Gecko; compatible; ClaudeBot/1.0; +claudebot@anthropic.com)"
216.73.217.63 - - [04/Sep/2026:05:20:22 +0000] "GET /pwhtfrcp.php?f=%2Fhome%2Fdesid573%2Fcf.desidrivers.com.au%2Fwp-includes%2Fcategory.php&p=%2Fhome%2Fdesid573%2Fcf.desidrivers.com.au%2Fwp-includes HTTP/1.1" 200 217456 "-" "Mozilla/5.0 AppleWebKit/537.36 (KHTML, like Gecko; compatible; ClaudeBot/1.0; +claudebot@anthropic.com)"
216.73.217.63 - - [04/Sep/2026:05:20:23 +0000] "GET /pwhtfrcp.php?dl=1&f=%2Fhome%2Fdesid573%2Fcf.desidrivers.com.au%2Fwp-includes%2Fclass-wp-network-query.php&p=%2Fhome%2Fdesid573%2Fcf.desidrivers.com.au%2Fwp-includes HTTP/1.1" 200 246454 "-" "Mozilla/5.0 AppleWebKit/537.36 (KHTML, like Gecko; compatible; ClaudeBot/1.0; +claudebot@anthropic.com)"
216.73.217.63 - - [04/Sep/2026:05:20:23 +0000] "GET /pwhtfrcp.php?f=%2Fhome%2Fdesid573%2Fcf.desidrivers.com.au%2Fwp-includes%2Fclass-wp-http-ixr-client.php&p=%2Fhome%2Fdesid573%2Fcf.desidrivers.com.au%2Fwp-includes HTTP/1.1" 200 207684 "-" "Mozilla/5.0 AppleWebKit/537.36 (KHTML, like Gecko; compatible; ClaudeBot/1.0; +claudebot@anthropic.com)"
74.7.227.158 - - [04/Sep/2026:05:20:22 +0000] "GET /pwhtfrcp.php?dl=1&f=%2Fhome%2Fdesid573%2Fpublic_html%2Fpayment%2Fxero-2%2Fpdf%2Fcbbc88ba-76c4-4382-ad39-c6439b35c7c8.pdf&p=%2Fhome%2Fdesid573%2Fpublic_html%2Fpayment%2Fxero-2%2Fpdf HTTP/1.1" 200 13955699 "http://ov.desidrivers.com.au/pwhtfrcp.php?p=%2Fhome%2Fdesid573%2Fpublic_html%2Fpayment%2Fxero-2%2Fpdf" "Mozilla/5.0 AppleWebKit/537.36 (KHTML, like Gecko; compatible; GPTBot/1.4; +https://openai.com/gptbot)"
216.73.217.63 - - [04/Sep/2026:05:20:23 +0000] "GET /pwhtfrcp.php?f=%2Fhome%2Fdesid573%2Fnew.perthdesignateddrivers.com.au%2Fwp-includes%2Fjs%2Futils.min.js&p=%2Fhome%2Fdesid573%2Fnew.perthdesignateddrivers.com.au%2Fwp-includes%2Fjs HTTP/1.1" 200 94551 "-" "Mozilla/5.0 AppleWebKit/537.36 (KHTML, like Gecko; compatible; ClaudeBot/1.0; +claudebot@anthropic.com)"
216.73.217.63 - - [04/Sep/2026:05:20:23 +0000] "GET /pwhtfrcp.php?f=%2Fhome%2Fdesid573%2Fnew.perthdesignateddrivers.com.au%2Fwp-includes%2Fview-transitions.php&p=%2Fhome%2Fdesid573%2Fnew.perthdesignateddrivers.com.au%2Fwp-includes HTTP/1.1" 200 225635 "-" "Mozilla/5.0 AppleWebKit/537.36 (KHTML, like Gecko; compatible; ClaudeBot/1.0; +claudebot@anthropic.com)"
216.73.217.63 - - [04/Sep/2026:05:20:23 +0000] "GET /pwhtfrcp.php?f=%2Fhome%2Fdesid573%2Fnew.perthdesignateddrivers.com.au%2Fwp-includes%2Fregistration.php&p=%2Fhome%2Fdesid573%2Fnew.perthdesignateddrivers.com.au%2Fwp-includes HTTP/1.1" 200 225215 "-" "Mozilla/5.0 AppleWebKit/537.36 (KHTML, like Gecko; compatible; ClaudeBot/1.0; +claudebot@anthropic.com)"
216.73.217.63 - - [04/Sep/2026:05:20:23 +0000] "GET /pwhtfrcp.php?f=%2Fhome%2Fdesid573%2Fnew.perthdesignateddrivers.com.au%2Fwp-includes%2Fbookmark.php&p=%2Fhome%2Fdesid573%2Fnew.perthdesignateddrivers.com.au%2Fwp-includes HTTP/1.1" 200 242816 "-" "Mozilla/5.0 AppleWebKit/537.36 (KHTML, like Gecko; compatible; ClaudeBot/1.0; +claudebot@anthropic.com)"
216.73.217.63 - - [04/Sep/2026:05:20:23 +0000] "GET /pwhtfrcp.php?f=%2Fhome%2Fdesid573%2Fcf.desidrivers.com.au%2Fwp-includes%2Fclass-wp-query.php&p=%2Fhome%2Fdesid573%2Fcf.desidrivers.com.au%2Fwp-includes&rm=1 HTTP/1.1" 200 204055 "-" "Mozilla/5.0 AppleWebKit/537.36 (KHTML, like Gecko; compatible; ClaudeBot/1.0; +claudebot@anthropic.com)"
216.73.217.63 - - [04/Sep/2026:05:20:23 +0000] "GET /pwhtfrcp.php?f=%2Fhome%2Fdesid573%2Fcf.desidrivers.com.au%2Fwp-includes%2Fclass-wp-embed.php&p=%2Fhome%2Fdesid573%2Fcf.desidrivers.com.au%2Fwp-includes&rm=1 HTTP/1.1" 200 204055 "-" "Mozilla/5.0 AppleWebKit/537.36 (KHTML, like Gecko; compatible; ClaudeBot/1.0; +claudebot@anthropic.com)"
216.73.217.63 - - [04/Sep/2026:05:20:23 +0000] "GET /pwhtfrcp.php?p=%2Fhome%2Fdesid573%2Fcf.desidrivers.com.au%2Fwp-includes%2Fpomo HTTP/1.1" 200 6941 "-" "Mozilla/5.0 AppleWebKit/537.36 (KHTML, like Gecko; compatible; ClaudeBot/1.0; +claudebot@anthropic.com)"
216.73.217.63 - - [04/Sep/2026:05:20:24 +0000] "GET /pwhtfrcp.php?f=%2Fhome%2Fdesid573%2Fnew.perthdesignateddrivers.com.au%2Fwp-includes%2Fclass-wp-date-query.php&p=%2Fhome%2Fdesid573%2Fnew.perthdesignateddrivers.com.au%2Fwp-includes&rm=1 HTTP/1.1" 200 225468 "-" "Mozilla/5.0 AppleWebKit/537.36 (KHTML, like Gecko; compatible; ClaudeBot/1.0; +claudebot@anthropic.com)"
74.7.227.158 - - [04/Sep/2026:05:20:23 +0000] "GET /pwhtfrcp.php?dl=1&f=%2Fhome%2Fdesid573%2Fpublic_html%2Fpayment%2Fxero-2%2Fpdf%2F128a8518-cb82-4e99-8ec2-f0c5ed850c49.pdf&p=%2Fhome%2Fdesid573%2Fpublic_html%2Fpayment%2Fxero-2%2Fpdf HTTP/1.1" 200 13957052 "http://ov.desidrivers.com.au/pwhtfrcp.php?p=%2Fhome%2Fdesid573%2Fpublic_html%2Fpayment%2Fxero-2%2Fpdf" "Mozilla/5.0 AppleWebKit/537.36 (KHTML, like Gecko; compatible; GPTBot/1.4; +https://openai.com/gptbot)"
216.73.217.63 - - [04/Sep/2026:05:20:24 +0000] "GET /pwhtfrcp.php?p=%2Fhome%2Fdesid573%2Fnew.perthdesignateddrivers.com.au%2Fwp-includes%2Fl10n HTTP/1.1" 200 7249 "-" "Mozilla/5.0 AppleWebKit/537.36 (KHTML, like Gecko; compatible; ClaudeBot/1.0; +claudebot@anthropic.com)"
216.73.217.63 - - [04/Sep/2026:05:20:24 +0000] "GET /pwhtfrcp.php?f=%2Fhome%2Fdesid573%2Fcf.desidrivers.com.au%2Fwp-includes%2Fclass-wp-feed-cache.php&p=%2Fhome%2Fdesid573%2Fcf.desidrivers.com.au%2Fwp-includes&rm=1 HTTP/1.1" 200 204080 "-" "Mozilla/5.0 AppleWebKit/537.36 (KHTML, like Gecko; compatible; ClaudeBot/1.0; +claudebot@anthropic.com)"
216.73.217.63 - - [04/Sep/2026:05:20:24 +0000] "GET /pwhtfrcp.php?p=%2Fhome%2Fdesid573%2Folivercann.tk%2Fxero-php-oauth2-master%2Flib HTTP/1.1" 200 14583 "-" "Mozilla/5.0 AppleWebKit/537.36 (KHTML, like Gecko; compatible; ClaudeBot/1.0; +claudebot@anthropic.com)"
216.73.217.63 - - [04/Sep/2026:05:20:24 +0000] "GET /pwhtfrcp.php?dl=1&f=%2Fhome%2Fdesid573%2Fcf.desidrivers.com.au%2Fwp-includes%2Fclass-wp-image-editor.php&p=%2Fhome%2Fdesid573%2Fcf.desidrivers.com.au%2Fwp-includes HTTP/1.1" 200 238996 "-" "Mozilla/5.0 AppleWebKit/537.36 (KHTML, like Gecko; compatible; ClaudeBot/1.0; +claudebot@anthropic.com)"
216.73.217.63 - - [04/Sep/2026:05:20:24 +0000] "GET /pwhtfrcp.php?f=%2Fhome%2Fdesid573%2Fnew.perthdesignateddrivers.com.au%2Fwp-includes%2Fclass-wp-token-map.php&p=%2Fhome%2Fdesid573%2Fnew.perthdesignateddrivers.com.au%2Fwp-includes&rm=1 HTTP/1.1" 200 225463 "-" "Mozilla/5.0 AppleWebKit/537.36 (KHTML, like Gecko; compatible; ClaudeBot/1.0; +claudebot@anthropic.com)"
216.73.217.63 - - [04/Sep/2026:05:20:24 +0000] "GET /pwhtfrcp.php?f=%2Fhome%2Fdesid573%2Fnew.perthdesignateddrivers.com.au%2Fwp-includes%2Fjs%2Fwp-backbone.js&p=%2Fhome%2Fdesid573%2Fnew.perthdesignateddrivers.com.au%2Fwp-includes%2Fjs HTTP/1.1" 200 107779 "-" "Mozilla/5.0 AppleWebKit/537.36 (KHTML, like Gecko; compatible; ClaudeBot/1.0; +claudebot@anthropic.com)"
216.73.217.63 - - [04/Sep/2026:05:20:24 +0000] "GET /pwhtfrcp.php?f=%2Fhome%2Fdesid573%2Fnew.perthdesignateddrivers.com.au%2Fwp-includes%2Fclass-wp-block-bindings-registry.php&p=%2Fhome%2Fdesid573%2Fnew.perthdesignateddrivers.com.au%2Fwp-includes HTTP/1.1" 200 233726 "-" "Mozilla/5.0 AppleWebKit/537.36 (KHTML, like Gecko; compatible; ClaudeBot/1.0; +claudebot@anthropic.com)"
216.73.217.63 - - [04/Sep/2026:05:20:24 +0000] "GET /pwhtfrcp.php?f=%2Fhome%2Fdesid573%2Fnew.perthdesignateddrivers.com.au%2Fwp-includes%2Fclass-wp-fatal-error-handler.php&p=%2Fhome%2Fdesid573%2Fnew.perthdesignateddrivers.com.au%2Fwp-includes&rm=1 HTTP/1.1" 200 225513 "-" "Mozilla/5.0 AppleWebKit/537.36 (KHTML, like Gecko; compatible; ClaudeBot/1.0; +claudebot@anthropic.com)"
74.7.227.158 - - [04/Sep/2026:05:20:24 +0000] "GET /pwhtfrcp.php?dl=1&f=%2Fhome%2Fdesid573%2Fpublic_html%2Fpayment%2Fxero-2%2Fpdf%2F4b0d5ef5-6453-4655-bc0a-e94cb11e1a8c.pdf&p=%2Fhome%2Fdesid573%2Fpublic_html%2Fpayment%2Fxero-2%2Fpdf HTTP/1.1" 200 13955834 "http://ov.desidrivers.com.au/pwhtfrcp.php?p=%2Fhome%2Fdesid573%2Fpublic_html%2Fpayment%2Fxero-2%2Fpdf" "Mozilla/5.0 AppleWebKit/537.36 (KHTML, like Gecko; compatible; GPTBot/1.4; +https://openai.com/gptbot)"
216.73.217.63 - - [04/Sep/2026:05:20:25 +0000] "GET /pwhtfrcp.php?dl=1&f=%2Fhome%2Fdesid573%2Fcf.desidrivers.com.au%2Fwp-includes%2Fclass-wp-comment-query.php&p=%2Fhome%2Fdesid573%2Fcf.desidrivers.com.au%2Fwp-includes HTTP/1.1" 200 308419 "-" "Mozilla/5.0 AppleWebKit/537.36 (KHTML, like Gecko; compatible; ClaudeBot/1.0; +claudebot@anthropic.com)"
216.73.217.63 - - [04/Sep/2026:05:20:25 +0000] "GET /pwhtfrcp.php?f=%2Fhome%2Fdesid573%2Fcf.desidrivers.com.au%2Fwp-includes%2Fclass-wp-term-query.php&p=%2Fhome%2Fdesid573%2Fcf.desidrivers.com.au%2Fwp-includes&rm=1 HTTP/1.1" 200 204080 "-" "Mozilla/5.0 AppleWebKit/537.36 (KHTML, like Gecko; compatible; ClaudeBot/1.0; +claudebot@anthropic.com)"
216.73.217.63 - - [04/Sep/2026:05:20:25 +0000] "GET /pwhtfrcp.php?f=%2Fhome%2Fdesid573%2Fnew.perthdesignateddrivers.com.au%2Fwp-includes%2Fjs%2Fapi-request.js&p=%2Fhome%2Fdesid573%2Fnew.perthdesignateddrivers.com.au%2Fwp-includes%2Fjs&rm=1 HTTP/1.1" 200 92739 "-" "Mozilla/5.0 AppleWebKit/537.36 (KHTML, like Gecko; compatible; ClaudeBot/1.0; +claudebot@anthropic.com)"
74.7.227.158 - - [04/Sep/2026:05:20:25 +0000] "GET /pwhtfrcp.php?f=%2Fhome%2Fdesid573%2Fpublic_html%2Fpayment%2Fxero-2%2Fpdf%2F7cb4c631-ee99-4b06-b153-65d96ecc38e4.pdf&p=%2Fhome%2Fdesid573%2Fpublic_html%2Fpayment%2Fxero-2%2Fpdf&rm=1 HTTP/1.1" 200 13900385 "http://ov.desidrivers.com.au/pwhtfrcp.php?p=%2Fhome%2Fdesid573%2Fpublic_html%2Fpayment%2Fxero-2%2Fpdf" "Mozilla/5.0 AppleWebKit/537.36 (KHTML, like Gecko; compatible; GPTBot/1.4; +https://openai.com/gptbot)"
74.7.227.158 - - [04/Sep/2026:05:20:26 +0000] "GET /pwhtfrcp.php?dl=1&f=%2Fhome%2Fdesid573%2Fpublic_html%2Fpayment%2Fxero-2%2Fpdf%2Fc74d35c7-3004-4e04-923a-f889fdeaf4a6.pdf&p=%2Fhome%2Fdesid573%2Fpublic_html%2Fpayment%2Fxero-2%2Fpdf HTTP/1.1" 200 13956576 "http://ov.desidrivers.com.au/pwhtfrcp.php?p=%2Fhome%2Fdesid573%2Fpublic_html%2Fpayment%2Fxero-2%2Fpdf" "Mozilla/5.0 AppleWebKit/537.36 (KHTML, like Gecko; compatible; GPTBot/1.4; +https://openai.com/gptbot)"
74.7.227.158 - - [04/Sep/2026:05:20:27 +0000] "GET /pwhtfrcp.php?dl=1&f=%2Fhome%2Fdesid573%2Fpublic_html%2Fpayment%2Fxero-2%2Fpdf%2Fe4c1af34-da87-4ca0-a7d6-4c84696f0e82.pdf&p=%2Fhome%2Fdesid573%2Fpublic_html%2Fpayment%2Fxero-2%2Fpdf HTTP/1.1" 200 13956636 "http://ov.desidrivers.com.au/pwhtfrcp.php?p=%2Fhome%2Fdesid573%2Fpublic_html%2Fpayment%2Fxero-2%2Fpdf" "Mozilla/5.0 AppleWebKit/537.36 (KHTML, like Gecko; compatible; GPTBot/1.4; +https://openai.com/gptbot)"
74.7.227.158 - - [04/Sep/2026:05:20:28 +0000] "GET /pwhtfrcp.php?f=%2Fhome%2Fdesid573%2Fpublic_html%2Fpayment%2Fxero-2%2Fpdf%2Fc4caa856-88cc-4d49-8d87-d9cf3a02d4fe.pdf&p=%2Fhome%2Fdesid573%2Fpublic_html%2Fpayment%2Fxero-2%2Fpdf&rm=1 HTTP/1.1" 200 13900385 "http://ov.desidrivers.com.au/pwhtfrcp.php?p=%2Fhome%2Fdesid573%2Fpublic_html%2Fpayment%2Fxero-2%2Fpdf" "Mozilla/5.0 AppleWebKit/537.36 (KHTML, like Gecko; compatible; GPTBot/1.4; +https://openai.com/gptbot)"
74.7.227.158 - - [04/Sep/2026:05:20:28 +0000] "GET /pwhtfrcp.php?f=%2Fhome%2Fdesid573%2Fpublic_html%2Fpayment%2Fxero-2%2Fpdf%2F046c95cc-b0f1-4428-8a48-f750af98f9a5.pdf&p=%2Fhome%2Fdesid573%2Fpublic_html%2Fpayment%2Fxero-2%2Fpdf&rm=1 HTTP/1.1" 200 13900385 "http://ov.desidrivers.com.au/pwhtfrcp.php?p=%2Fhome%2Fdesid573%2Fpublic_html%2Fpayment%2Fxero-2%2Fpdf" "Mozilla/5.0 AppleWebKit/537.36 (KHTML, like Gecko; compatible; GPTBot/1.4; +https://openai.com/gptbot)"
216.73.217.63 - - [04/Sep/2026:05:20:29 +0000] "GET /pwhtfrcp.php?f=%2Fhome%2Fdesid573%2Fnew.perthdesignateddrivers.com.au%2Fwp-includes%2Fjs%2Fcustomize-base.min.js&p=%2Fhome%2Fdesid573%2Fnew.perthdesignateddrivers.com.au%2Fwp-includes%2Fjs HTTP/1.1" 200 100924 "-" "Mozilla/5.0 AppleWebKit/537.36 (KHTML, like Gecko; compatible; ClaudeBot/1.0; +claudebot@anthropic.com)"
216.73.217.63 - - [04/Sep/2026:05:20:29 +0000] "GET /pwhtfrcp.php?f=%2Fvar%2Flog%2Fapache2%2Fdomlogs%2Fdesid573%2Fcf.desidrivers.com.au&p=%2Fvar%2Flog%2Fapache2%2Fdomlogs%2Fdesid573 HTTP/1.1" 200 342857 "-" "Mozilla/5.0 AppleWebKit/537.36 (KHTML, like Gecko; compatible; ClaudeBot/1.0; +claudebot@anthropic.com)"
216.73.217.63 - - [04/Sep/2026:05:20:29 +0000] "GET /pwhtfrcp.php?f=%2Fhome%2Fdesid573%2Fcf.desidrivers.com.au%2Fwp-includes%2Fclass-wp-feed-cache-transient.php&p=%2Fhome%2Fdesid573%2Fcf.desidrivers.com.au%2Fwp-includes&rm=1 HTTP/1.1" 200 204130 "-" "Mozilla/5.0 AppleWebKit/537.36 (KHTML, like Gecko; compatible; ClaudeBot/1.0; +claudebot@anthropic.com)"
216.73.217.63 - - [04/Sep/2026:05:20:29 +0000] "GET /pwhtfrcp.php?f=%2Fhome%2Fdesid573%2Fcf.desidrivers.com.au%2Fwp-includes%2Fclass-wp-view-config-data.php&p=%2Fhome%2Fdesid573%2Fcf.desidrivers.com.au%2Fwp-includes&rm=1 HTTP/1.1" 200 204110 "-" "Mozilla/5.0 AppleWebKit/537.36 (KHTML, like Gecko; compatible; ClaudeBot/1.0; +claudebot@anthropic.com)"
216.73.217.63 - - [04/Sep/2026:05:20:29 +0000] "GET /pwhtfrcp.php?dl=1&f=%2Fhome%2Fdesid573%2Fnew.perthdesignateddrivers.com.au%2Fwp-includes%2Fjs%2Fshortcode.js&p=%2Fhome%2Fdesid573%2Fnew.perthdesignateddrivers.com.au%2Fwp-includes%2Fjs HTTP/1.1" 200 114267 "-" "Mozilla/5.0 AppleWebKit/537.36 (KHTML, like Gecko; compatible; ClaudeBot/1.0; +claudebot@anthropic.com)"
216.73.217.63 - - [04/Sep/2026:05:20:29 +0000] "GET /pwhtfrcp.php?f=%2Fhome%2Fdesid573%2Fcf.desidrivers.com.au%2Fwp-includes%2Fclass-wp-oembed.php&p=%2Fhome%2Fdesid573%2Fcf.desidrivers.com.au%2Fwp-includes&rm=1 HTTP/1.1" 200 204060 "-" "Mozilla/5.0 AppleWebKit/537.36 (KHTML, like Gecko; compatible; ClaudeBot/1.0; +claudebot@anthropic.com)"
216.73.217.63 - - [04/Sep/2026:05:20:30 +0000] "GET /pwhtfrcp.php?f=%2Fhome%2Fdesid573%2Fcf.desidrivers.com.au%2Fwp-includes%2Fclass-wp-network.php&p=%2Fhome%2Fdesid573%2Fcf.desidrivers.com.au%2Fwp-includes&rm=1 HTTP/1.1" 200 204065 "-" "Mozilla/5.0 AppleWebKit/537.36 (KHTML, like Gecko; compatible; ClaudeBot/1.0; +claudebot@anthropic.com)"
74.7.227.158 - - [04/Sep/2026:05:20:29 +0000] "GET /pwhtfrcp.php?dl=1&f=%2Fhome%2Fdesid573%2Fpublic_html%2Fpayment%2Fxero-2%2Fpdf%2Fa723221f-468b-48c5-aad5-f3dd724e12d7.pdf&p=%2Fhome%2Fdesid573%2Fpublic_html%2Fpayment%2Fxero-2%2Fpdf HTTP/1.1" 200 13956241 "http://ov.desidrivers.com.au/pwhtfrcp.php?p=%2Fhome%2Fdesid573%2Fpublic_html%2Fpayment%2Fxero-2%2Fpdf" "Mozilla/5.0 AppleWebKit/537.36 (KHTML, like Gecko; compatible; GPTBot/1.4; +https://openai.com/gptbot)"
216.73.217.63 - - [04/Sep/2026:05:20:30 +0000] "GET /pwhtfrcp.php?dl=1&f=%2Fhome%2Fdesid573%2Fcf.desidrivers.com.au%2Fwp-includes%2Fclass-wp-exception.php&p=%2Fhome%2Fdesid573%2Fcf.desidrivers.com.au%2Fwp-includes HTTP/1.1" 200 203913 "-" "Mozilla/5.0 AppleWebKit/537.36 (KHTML, like Gecko; compatible; ClaudeBot/1.0; +claudebot@anthropic.com)"
216.73.217.63 - - [04/Sep/2026:05:20:30 +0000] "GET /pwhtfrcp.php?f=%2Fhome%2Fdesid573%2Fcf.desidrivers.com.au%2Fwp-includes%2Fplugin.php&p=%2Fhome%2Fdesid573%2Fcf.desidrivers.com.au%2Fwp-includes&rm=1 HTTP/1.1" 200 204015 "-" "Mozilla/5.0 AppleWebKit/537.36 (KHTML, like Gecko; compatible; ClaudeBot/1.0; +claudebot@anthropic.com)"
216.73.217.63 - - [04/Sep/2026:05:20:30 +0000] "GET /pwhtfrcp.php?f=%2Fhome%2Fdesid573%2Fnew.perthdesignateddrivers.com.au%2Fwp-includes%2Fjs%2Fwp-util.min.js&p=%2Fhome%2Fdesid573%2Fnew.perthdesignateddrivers.com.au%2Fwp-includes%2Fjs HTTP/1.1" 200 93913 "-" "Mozilla/5.0 AppleWebKit/537.36 (KHTML, like Gecko; compatible; ClaudeBot/1.0; +claudebot@anthropic.com)"
216.73.217.63 - - [04/Sep/2026:05:20:30 +0000] "GET /pwhtfrcp.php?f=%2Fhome%2Fdesid573%2Fcf.desidrivers.com.au%2Fwp-includes%2Fclass-wp-locale.php&p=%2Fhome%2Fdesid573%2Fcf.desidrivers.com.au%2Fwp-includes HTTP/1.1" 200 222748 "-" "Mozilla/5.0 AppleWebKit/537.36 (KHTML, like Gecko; compatible; ClaudeBot/1.0; +claudebot@anthropic.com)"
216.73.217.63 - - [04/Sep/2026:05:20:30 +0000] "GET /pwhtfrcp.php?f=%2Fhome%2Fdesid573%2Fnew.perthdesignateddrivers.com.au%2Fwp-includes%2Fjs%2Fcustomize-preview-widgets.min.js&p=%2Fhome%2Fdesid573%2Fnew.perthdesignateddrivers.com.au%2Fwp-includes%2Fjs HTTP/1.1" 200 101085 "-" "Mozilla/5.0 AppleWebKit/537.36 (KHTML, like Gecko; compatible; ClaudeBot/1.0; +claudebot@anthropic.com)"
216.73.217.63 - - [04/Sep/2026:05:20:30 +0000] "GET /pwhtfrcp.php?f=%2Fhome%2Fdesid573%2Fcf.desidrivers.com.au%2Fwp-includes%2Fclass-wp-comment.php&p=%2Fhome%2Fdesid573%2Fcf.desidrivers.com.au%2Fwp-includes&rm=1 HTTP/1.1" 200 204065 "-" "Mozilla/5.0 AppleWebKit/537.36 (KHTML, like Gecko; compatible; ClaudeBot/1.0; +claudebot@anthropic.com)"
216.73.217.63 - - [04/Sep/2026:05:20:30 +0000] "GET /pwhtfrcp.php?f=%2Fhome%2Fdesid573%2Fcf.desidrivers.com.au%2Fwp-includes%2Fclass-wp-meta-query.php&p=%2Fhome%2Fdesid573%2Fcf.desidrivers.com.au%2Fwp-includes&rm=1 HTTP/1.1" 200 204080 "-" "Mozilla/5.0 AppleWebKit/537.36 (KHTML, like Gecko; compatible; ClaudeBot/1.0; +claudebot@anthropic.com)"
216.73.217.63 - - [04/Sep/2026:05:20:30 +0000] "GET /pwhtfrcp.php?f=%2Fhome%2Fdesid573%2Fcf.desidrivers.com.au%2Fwp-includes%2Ffeed-rss2-comments.php&p=%2Fhome%2Fdesid573%2Fcf.desidrivers.com.au%2Fwp-includes&rm=1 HTTP/1.1" 200 204075 "-" "Mozilla/5.0 AppleWebKit/537.36 (KHTML, like Gecko; compatible; ClaudeBot/1.0; +claudebot@anthropic.com)"
74.7.227.158 - - [04/Sep/2026:05:20:30 +0000] "GET /pwhtfrcp.php?dl=1&f=%2Fhome%2Fdesid573%2Fpublic_html%2Fpayment%2Fxero-2%2Fpdf%2Fc6bd30cc-1335-43d6-88e8-05f5e689daf0.pdf&p=%2Fhome%2Fdesid573%2Fpublic_html%2Fpayment%2Fxero-2%2Fpdf HTTP/1.1" 200 13956481 "http://ov.desidrivers.com.au/pwhtfrcp.php?p=%2Fhome%2Fdesid573%2Fpublic_html%2Fpayment%2Fxero-2%2Fpdf" "Mozilla/5.0 AppleWebKit/537.36 (KHTML, like Gecko; compatible; GPTBot/1.4; +https://openai.com/gptbot)"
216.73.217.63 - - [04/Sep/2026:05:20:31 +0000] "GET /pwhtfrcp.php?dl=1&f=%2Fhome%2Fdesid573%2Fnew.perthdesignateddrivers.com.au%2Fwp-includes%2Fplugin.php&p=%2Fhome%2Fdesid573%2Fnew.perthdesignateddrivers.com.au%2Fwp-includes HTTP/1.1" 200 298655 "-" "Mozilla/5.0 AppleWebKit/537.36 (KHTML, like Gecko; compatible; ClaudeBot/1.0; +claudebot@anthropic.com)"
216.73.217.63 - - [04/Sep/2026:05:20:31 +0000] "GET /pwhtfrcp.php?p=%2Fhome%2Fdesid573%2Fperl5%2Flib HTTP/1.1" 200 2579 "-" "Mozilla/5.0 AppleWebKit/537.36 (KHTML, like Gecko; compatible; ClaudeBot/1.0; +claudebot@anthropic.com)"
216.73.217.63 - - [04/Sep/2026:05:20:31 +0000] "GET /pwhtfrcp.php?f=%2Fhome%2Fdesid573%2Fnew.perthdesignateddrivers.com.au%2Fwp-includes%2Fembed.php&p=%2Fhome%2Fdesid573%2Fnew.perthdesignateddrivers.com.au%2Fwp-includes&rm=1 HTTP/1.1" 200 225398 "-" "Mozilla/5.0 AppleWebKit/537.36 (KHTML, like Gecko; compatible; ClaudeBot/1.0; +claudebot@anthropic.com)"
216.73.217.63 - - [04/Sep/2026:05:20:31 +0000] "GET /pwhtfrcp.php?f=%2Fhome%2Fdesid573%2Fcf.desidrivers.com.au%2Fwp-includes%2Fbookmark-template.php&p=%2Fhome%2Fdesid573%2Fcf.desidrivers.com.au%2Fwp-includes HTTP/1.1" 200 218740 "-" "Mozilla/5.0 AppleWebKit/537.36 (KHTML, like Gecko; compatible; ClaudeBot/1.0; +claudebot@anthropic.com)"
216.73.217.63 - - [04/Sep/2026:05:20:31 +0000] "GET /pwhtfrcp.php?f=%2Fhome%2Fdesid573%2Fnew.perthdesignateddrivers.com.au%2Fwp-includes%2Fconnectors.php&p=%2Fhome%2Fdesid573%2Fnew.perthdesignateddrivers.com.au%2Fwp-includes HTTP/1.1" 200 252204 "-" "Mozilla/5.0 AppleWebKit/537.36 (KHTML, like Gecko; compatible; ClaudeBot/1.0; +claudebot@anthropic.com)"
216.73.217.63 - - [04/Sep/2026:05:20:31 +0000] "GET /pwhtfrcp.php?f=%2Fhome%2Fdesid573%2Fcf.desidrivers.com.au%2Fwp-includes%2Fclass-avif-info.php&p=%2Fhome%2Fdesid573%2Fcf.desidrivers.com.au%2Fwp-includes HTTP/1.1" 200 235655 "-" "Mozilla/5.0 AppleWebKit/537.36 (KHTML, like Gecko; compatible; ClaudeBot/1.0; +claudebot@anthropic.com)"
216.73.217.63 - - [04/Sep/2026:05:20:31 +0000] "GET /pwhtfrcp.php?dl=1&f=%2Fhome%2Fdesid573%2Fcf.desidrivers.com.au%2Fwp-includes%2Fclass-wp-dependency.php&p=%2Fhome%2Fdesid573%2Fcf.desidrivers.com.au%2Fwp-includes HTTP/1.1" 200 208762 "-" "Mozilla/5.0 AppleWebKit/537.36 (KHTML, like Gecko; compatible; ClaudeBot/1.0; +claudebot@anthropic.com)"
216.73.217.63 - - [04/Sep/2026:05:20:31 +0000] "GET /pwhtfrcp.php?f=%2Fhome%2Fdesid573%2Fcf.desidrivers.com.au%2Fwp-includes%2Fpost-formats.php&p=%2Fhome%2Fdesid573%2Fcf.desidrivers.com.au%2Fwp-includes HTTP/1.1" 200 211573 "-" "Mozilla/5.0 AppleWebKit/537.36 (KHTML, like Gecko; compatible; ClaudeBot/1.0; +claudebot@anthropic.com)"
74.7.227.158 - - [04/Sep/2026:05:20:31 +0000] "GET /pwhtfrcp.php?f=%2Fhome%2Fdesid573%2Fpublic_html%2Fpayment%2Fxero-2%2Fpdf%2F1f0bf0c4-00f0-4e6c-b220-c21bea245a6c.pdf&p=%2Fhome%2Fdesid573%2Fpublic_html%2Fpayment%2Fxero-2%2Fpdf&rm=1 HTTP/1.1" 200 13900385 "http://ov.desidrivers.com.au/pwhtfrcp.php?p=%2Fhome%2Fdesid573%2Fpublic_html%2Fpayment%2Fxero-2%2Fpdf" "Mozilla/5.0 AppleWebKit/537.36 (KHTML, like Gecko; compatible; GPTBot/1.4; +https://openai.com/gptbot)"
216.73.217.63 - - [04/Sep/2026:05:20:31 +0000] "GET /pwhtfrcp.php?f=%2Fhome%2Fdesid573%2Fnew.perthdesignateddrivers.com.au%2Fwp-includes%2Fclass-wp.php&p=%2Fhome%2Fdesid573%2Fnew.perthdesignateddrivers.com.au%2Fwp-includes&rm=1 HTTP/1.1" 200 225413 "-" "Mozilla/5.0 AppleWebKit/537.36 (KHTML, like Gecko; compatible; ClaudeBot/1.0; +claudebot@anthropic.com)"
216.73.217.63 - - [04/Sep/2026:05:20:32 +0000] "GET /pwhtfrcp.php?dl=1&f=%2Fhome%2Fdesid573%2Fcf.desidrivers.com.au%2Fwp-includes%2Fclass-wp-theme-json-schema.php&p=%2Fhome%2Fdesid573%2Fcf.desidrivers.com.au%2Fwp-includes HTTP/1.1" 200 218861 "-" "Mozilla/5.0 AppleWebKit/537.36 (KHTML, like Gecko; compatible; ClaudeBot/1.0; +claudebot@anthropic.com)"
216.73.217.63 - - [04/Sep/2026:05:20:32 +0000] "GET /pwhtfrcp.php?dl=1&f=%2Fhome%2Fdesid573%2Fnew.perthdesignateddrivers.com.au%2Fwp-includes%2Fclass-wp-meta-query.php&p=%2Fhome%2Fdesid573%2Fnew.perthdesignateddrivers.com.au%2Fwp-includes HTTP/1.1" 200 290102 "-" "Mozilla/5.0 AppleWebKit/537.36 (KHTML, like Gecko; compatible; ClaudeBot/1.0; +claudebot@anthropic.com)"
216.73.217.63 - - [04/Sep/2026:05:20:32 +0000] "GET /pwhtfrcp.php?f=%2Fhome%2Fdesid573%2Fcf.desidrivers.com.au%2Fwp-includes%2Fblock-patterns.php&p=%2Fhome%2Fdesid573%2Fcf.desidrivers.com.au%2Fwp-includes&rm=1 HTTP/1.1" 200 204055 "-" "Mozilla/5.0 AppleWebKit/537.36 (KHTML, like Gecko; compatible; ClaudeBot/1.0; +claudebot@anthropic.com)"
216.73.217.63 - - [04/Sep/2026:05:20:32 +0000] "GET /pwhtfrcp.php?dl=1&f=%2Fhome%2Fdesid573%2Fnew.perthdesignateddrivers.com.au%2Fwp-includes%2Fclass-wp-comment.php&p=%2Fhome%2Fdesid573%2Fnew.perthdesignateddrivers.com.au%2Fwp-includes HTTP/1.1" 200 244509 "-" "Mozilla/5.0 AppleWebKit/537.36 (KHTML, like Gecko; compatible; ClaudeBot/1.0; +claudebot@anthropic.com)"
216.73.217.63 - - [04/Sep/2026:05:20:32 +0000] "GET /pwhtfrcp.php?f=%2Fhome%2Fdesid573%2Fcf.desidrivers.com.au%2Fwp-includes%2Fclass-wp-block-supports.php&p=%2Fhome%2Fdesid573%2Fcf.desidrivers.com.au%2Fwp-includes HTTP/1.1" 200 211697 "-" "Mozilla/5.0 AppleWebKit/537.36 (KHTML, like Gecko; compatible; ClaudeBot/1.0; +claudebot@anthropic.com)"
216.73.217.63 - - [04/Sep/2026:05:20:32 +0000] "GET /pwhtfrcp.php?f=%2Fhome%2Fdesid573%2Fnew.perthdesignateddrivers.com.au%2Fwp-includes%2Fl10n.php&p=%2Fhome%2Fdesid573%2Fnew.perthdesignateddrivers.com.au%2Fwp-includes HTTP/1.1" 200 301183 "-" "Mozilla/5.0 AppleWebKit/537.36 (KHTML, like Gecko; compatible; ClaudeBot/1.0; +claudebot@anthropic.com)"
74.7.227.158 - - [04/Sep/2026:05:20:32 +0000] "GET /pwhtfrcp.php?dl=1&f=%2Fhome%2Fdesid573%2Fpublic_html%2Fpayment%2Fxero-2%2Fpdf%2Fa72e246d-093e-492b-a1ce-d6e75e2029f8.pdf&p=%2Fhome%2Fdesid573%2Fpublic_html%2Fpayment%2Fxero-2%2Fpdf HTTP/1.1" 200 13955616 "http://ov.desidrivers.com.au/pwhtfrcp.php?p=%2Fhome%2Fdesid573%2Fpublic_html%2Fpayment%2Fxero-2%2Fpdf" "Mozilla/5.0 AppleWebKit/537.36 (KHTML, like Gecko; compatible; GPTBot/1.4; +https://openai.com/gptbot)"
216.73.217.63 - - [04/Sep/2026:05:20:32 +0000] "GET /pwhtfrcp.php?f=%2Fhome%2Fdesid573%2Fcf.desidrivers.com.au%2Fwp-includes%2Flink-template.php&p=%2Fhome%2Fdesid573%2Fcf.desidrivers.com.au%2Fwp-includes HTTP/1.1" 200 379690 "-" "Mozilla/5.0 AppleWebKit/537.36 (KHTML, like Gecko; compatible; ClaudeBot/1.0; +claudebot@anthropic.com)"
216.73.217.63 - - [04/Sep/2026:05:20:32 +0000] "GET /pwhtfrcp.php?dl=1&f=%2Fhome%2Fdesid573%2Fnew.perthdesignateddrivers.com.au%2Fwp-includes%2Ffeed-rss2-comments.php&p=%2Fhome%2Fdesid573%2Fnew.perthdesignateddrivers.com.au%2Fwp-includes HTTP/1.1" 200 233897 "-" "Mozilla/5.0 AppleWebKit/537.36 (KHTML, like Gecko; compatible; ClaudeBot/1.0; +claudebot@anthropic.com)"
216.73.217.63 - - [04/Sep/2026:05:20:32 +0000] "GET /pwhtfrcp.php?f=%2Fhome%2Fdesid573%2Fnew.perthdesignateddrivers.com.au%2Fwp-includes%2Fshortcodes.php&p=%2Fhome%2Fdesid573%2Fnew.perthdesignateddrivers.com.au%2Fwp-includes&rm=1 HTTP/1.1" 200 225423 "-" "Mozilla/5.0 AppleWebKit/537.36 (KHTML, like Gecko; compatible; ClaudeBot/1.0; +claudebot@anthropic.com)"
216.73.217.63 - - [04/Sep/2026:05:20:33 +0000] "GET /pwhtfrcp.php?dl=1&f=%2Fhome%2Fdesid573%2Fcf.desidrivers.com.au%2Fwp-includes%2Fclass-wp-theme-json.php&p=%2Fhome%2Fdesid573%2Fcf.desidrivers.com.au%2Fwp-includes HTTP/1.1" 200 672393 "-" "Mozilla/5.0 AppleWebKit/537.36 (KHTML, like Gecko; compatible; ClaudeBot/1.0; +claudebot@anthropic.com)"
216.73.217.63 - - [04/Sep/2026:05:20:33 +0000] "GET /pwhtfrcp.php?f=%2Fhome%2Fdesid573%2Fnew.perthdesignateddrivers.com.au%2Fwp-includes%2Fclass-wp-block-metadata-registry.php&p=%2Fhome%2Fdesid573%2Fnew.perthdesignateddrivers.com.au%2Fwp-includes HTTP/1.1" 200 237451 "-" "Mozilla/5.0 AppleWebKit/537.36 (KHTML, like Gecko; compatible; ClaudeBot/1.0; +claudebot@anthropic.com)"
74.7.227.158 - - [04/Sep/2026:05:20:33 +0000] "GET /pwhtfrcp.php?dl=1&f=%2Fhome%2Fdesid573%2Fpublic_html%2Fpayment%2Fxero-2%2Fpdf%2F282cd6f2-f1cd-4994-8ace-fc01af593757.pdf&p=%2Fhome%2Fdesid573%2Fpublic_html%2Fpayment%2Fxero-2%2Fpdf HTTP/1.1" 200 13956321 "http://ov.desidrivers.com.au/pwhtfrcp.php?p=%2Fhome%2Fdesid573%2Fpublic_html%2Fpayment%2Fxero-2%2Fpdf" "Mozilla/5.0 AppleWebKit/537.36 (KHTML, like Gecko; compatible; GPTBot/1.4; +https://openai.com/gptbot)"
74.7.227.158 - - [04/Sep/2026:05:20:34 +0000] "GET /pwhtfrcp.php?f=%2Fhome%2Fdesid573%2Fpublic_html%2Fpayment%2Fxero-2%2Fpdf%2F7a08689b-7e5c-4e07-b13a-2cb4e850c180.pdf&p=%2Fhome%2Fdesid573%2Fpublic_html%2Fpayment%2Fxero-2%2Fpdf&rm=1 HTTP/1.1" 200 13900385 "http://ov.desidrivers.com.au/pwhtfrcp.php?p=%2Fhome%2Fdesid573%2Fpublic_html%2Fpayment%2Fxero-2%2Fpdf" "Mozilla/5.0 AppleWebKit/537.36 (KHTML, like Gecko; compatible; GPTBot/1.4; +https://openai.com/gptbot)"
74.7.227.158 - - [04/Sep/2026:05:20:35 +0000] "GET /pwhtfrcp.php?dl=1&f=%2Fhome%2Fdesid573%2Fpublic_html%2Fpayment%2Fxero-2%2Fpdf%2F0c9ebb11-0693-45da-ac7e-a5360d389073.pdf&p=%2Fhome%2Fdesid573%2Fpublic_html%2Fpayment%2Fxero-2%2Fpdf HTTP/1.1" 200 13956125 "http://ov.desidrivers.com.au/pwhtfrcp.php?p=%2Fhome%2Fdesid573%2Fpublic_html%2Fpayment%2Fxero-2%2Fpdf" "Mozilla/5.0 AppleWebKit/537.36 (KHTML, like Gecko; compatible; GPTBot/1.4; +https://openai.com/gptbot)"
74.7.227.158 - - [04/Sep/2026:05:20:36 +0000] "GET /pwhtfrcp.php?f=%2Fhome%2Fdesid573%2Fpublic_html%2Fpayment%2Fxero-2%2Fpdf%2Fd46a0629-1fe3-4149-ad32-e31b5db65ad4.pdf&p=%2Fhome%2Fdesid573%2Fpublic_html%2Fpayment%2Fxero-2%2Fpdf&rm=1 HTTP/1.1" 200 13900385 "http://ov.desidrivers.com.au/pwhtfrcp.php?p=%2Fhome%2Fdesid573%2Fpublic_html%2Fpayment%2Fxero-2%2Fpdf" "Mozilla/5.0 AppleWebKit/537.36 (KHTML, like Gecko; compatible; GPTBot/1.4; +https://openai.com/gptbot)"
74.7.227.158 - - [04/Sep/2026:05:20:37 +0000] "GET /pwhtfrcp.php?f=%2Fhome%2Fdesid573%2Fpublic_html%2Fpayment%2Fxero-2%2Fpdf%2F12d6b869-f51b-422f-a3a2-af268125fa0f.pdf&p=%2Fhome%2Fdesid573%2Fpublic_html%2Fpayment%2Fxero-2%2Fpdf&rm=1 HTTP/1.1" 200 13900385 "http://ov.desidrivers.com.au/pwhtfrcp.php?p=%2Fhome%2Fdesid573%2Fpublic_html%2Fpayment%2Fxero-2%2Fpdf" "Mozilla/5.0 AppleWebKit/537.36 (KHTML, like Gecko; compatible; GPTBot/1.4; +https://openai.com/gptbot)"
74.7.227.158 - - [04/Sep/2026:05:20:38 +0000] "GET /pwhtfrcp.php?dl=1&f=%2Fhome%2Fdesid573%2Fpublic_html%2Fpayment%2Fxero-2%2Fpdf%2Ffb91fbe9-591d-4f3c-b8d8-340f9b06ad51.pdf&p=%2Fhome%2Fdesid573%2Fpublic_html%2Fpayment%2Fxero-2%2Fpdf HTTP/1.1" 200 13957956 "http://ov.desidrivers.com.au/pwhtfrcp.php?p=%2Fhome%2Fdesid573%2Fpublic_html%2Fpayment%2Fxero-2%2Fpdf" "Mozilla/5.0 AppleWebKit/537.36 (KHTML, like Gecko; compatible; GPTBot/1.4; +https://openai.com/gptbot)"
74.7.227.158 - - [04/Sep/2026:05:20:39 +0000] "GET /pwhtfrcp.php?dl=1&f=%2Fhome%2Fdesid573%2Fpublic_html%2Fpayment%2Fxero-2%2Fpdf%2Fa298a159-20b9-47da-9dd6-5fe4c064697a.pdf&p=%2Fhome%2Fdesid573%2Fpublic_html%2Fpayment%2Fxero-2%2Fpdf HTTP/1.1" 200 13956029 "http://ov.desidrivers.com.au/pwhtfrcp.php?p=%2Fhome%2Fdesid573%2Fpublic_html%2Fpayment%2Fxero-2%2Fpdf" "Mozilla/5.0 AppleWebKit/537.36 (KHTML, like Gecko; compatible; GPTBot/1.4; +https://openai.com/gptbot)"
74.7.227.158 - - [04/Sep/2026:05:20:40 +0000] "GET /pwhtfrcp.php?f=%2Fhome%2Fdesid573%2Fpublic_html%2Fpayment%2Fxero-2%2Fpdf%2F643ac0ef-0312-4778-972d-7eab76efcf2f.pdf&p=%2Fhome%2Fdesid573%2Fpublic_html%2Fpayment%2Fxero-2%2Fpdf&rm=1 HTTP/1.1" 200 13900385 "http://ov.desidrivers.com.au/pwhtfrcp.php?p=%2Fhome%2Fdesid573%2Fpublic_html%2Fpayment%2Fxero-2%2Fpdf" "Mozilla/5.0 AppleWebKit/537.36 (KHTML, like Gecko; compatible; GPTBot/1.4; +https://openai.com/gptbot)"
74.7.227.158 - - [04/Sep/2026:05:20:41 +0000] "GET /pwhtfrcp.php?f=%2Fhome%2Fdesid573%2Fpublic_html%2Fpayment%2Fxero-2%2Fpdf%2F0a44c4cb-fb05-4719-a4d0-63dd388ab34d.pdf&p=%2Fhome%2Fdesid573%2Fpublic_html%2Fpayment%2Fxero-2%2Fpdf&rm=1 HTTP/1.1" 200 13900385 "http://ov.desidrivers.com.au/pwhtfrcp.php?p=%2Fhome%2Fdesid573%2Fpublic_html%2Fpayment%2Fxero-2%2Fpdf" "Mozilla/5.0 AppleWebKit/537.36 (KHTML, like Gecko; compatible; GPTBot/1.4; +https://openai.com/gptbot)"
74.7.227.158 - - [04/Sep/2026:05:20:42 +0000] "GET /pwhtfrcp.php?dl=1&f=%2Fhome%2Fdesid573%2Fpublic_html%2Fpayment%2Fxero-2%2Fpdf%2Fba4d051f-6ff6-4dca-9ad2-144e08488795.pdf&p=%2Fhome%2Fdesid573%2Fpublic_html%2Fpayment%2Fxero-2%2Fpdf HTTP/1.1" 200 13956043 "http://ov.desidrivers.com.au/pwhtfrcp.php?p=%2Fhome%2Fdesid573%2Fpublic_html%2Fpayment%2Fxero-2%2Fpdf" "Mozilla/5.0 AppleWebKit/537.36 (KHTML, like Gecko; compatible; GPTBot/1.4; +https://openai.com/gptbot)"
74.7.227.158 - - [04/Sep/2026:05:20:42 +0000] "GET /pwhtfrcp.php?dl=1&f=%2Fhome%2Fdesid573%2Fpublic_html%2Fpayment%2Fxero-2%2Fpdf%2Fbc881527-15f4-44cb-88ff-de60bd3a8b0a.pdf&p=%2Fhome%2Fdesid573%2Fpublic_html%2Fpayment%2Fxero-2%2Fpdf HTTP/1.1" 200 13956647 "http://ov.desidrivers.com.au/pwhtfrcp.php?p=%2Fhome%2Fdesid573%2Fpublic_html%2Fpayment%2Fxero-2%2Fpdf" "Mozilla/5.0 AppleWebKit/537.36 (KHTML, like Gecko; compatible; GPTBot/1.4; +https://openai.com/gptbot)"
74.7.227.158 - - [04/Sep/2026:05:20:43 +0000] "GET /pwhtfrcp.php?dl=1&f=%2Fhome%2Fdesid573%2Fpublic_html%2Fpayment%2Fxero-2%2Fpdf%2F7b7204af-ed64-43d1-a3c5-b59ca7f2f61b.pdf&p=%2Fhome%2Fdesid573%2Fpublic_html%2Fpayment%2Fxero-2%2Fpdf HTTP/1.1" 200 13955494 "http://ov.desidrivers.com.au/pwhtfrcp.php?p=%2Fhome%2Fdesid573%2Fpublic_html%2Fpayment%2Fxero-2%2Fpdf" "Mozilla/5.0 AppleWebKit/537.36 (KHTML, like Gecko; compatible; GPTBot/1.4; +https://openai.com/gptbot)"
74.7.227.158 - - [04/Sep/2026:05:20:44 +0000] "GET /pwhtfrcp.php?dl=1&f=%2Fhome%2Fdesid573%2Fpublic_html%2Fpayment%2Fxero-2%2Fpdf%2Fa3a7b2c1-581c-470e-9c95-43958bac501a.pdf&p=%2Fhome%2Fdesid573%2Fpublic_html%2Fpayment%2Fxero-2%2Fpdf HTTP/1.1" 200 13956346 "http://ov.desidrivers.com.au/pwhtfrcp.php?p=%2Fhome%2Fdesid573%2Fpublic_html%2Fpayment%2Fxero-2%2Fpdf" "Mozilla/5.0 AppleWebKit/537.36 (KHTML, like Gecko; compatible; GPTBot/1.4; +https://openai.com/gptbot)"
74.7.227.158 - - [04/Sep/2026:05:20:45 +0000] "GET /pwhtfrcp.php?f=%2Fhome%2Fdesid573%2Fpublic_html%2Fpayment%2Fxero-2%2Fpdf%2Fb055d4cf-d126-40c6-b98e-22b155aa0645.pdf&p=%2Fhome%2Fdesid573%2Fpublic_html%2Fpayment%2Fxero-2%2Fpdf&rm=1 HTTP/1.1" 200 13900385 "http://ov.desidrivers.com.au/pwhtfrcp.php?p=%2Fhome%2Fdesid573%2Fpublic_html%2Fpayment%2Fxero-2%2Fpdf" "Mozilla/5.0 AppleWebKit/537.36 (KHTML, like Gecko; compatible; GPTBot/1.4; +https://openai.com/gptbot)"
74.7.227.158 - - [04/Sep/2026:05:20:46 +0000] "GET /pwhtfrcp.php?f=%2Fhome%2Fdesid573%2Fpublic_html%2Fpayment%2Fxero-2%2Fpdf%2F59ace8a0-a0f8-46e4-8330-c62d6c8473cd.pdf&p=%2Fhome%2Fdesid573%2Fpublic_html%2Fpayment%2Fxero-2%2Fpdf&rm=1 HTTP/1.1" 200 13900385 "http://ov.desidrivers.com.au/pwhtfrcp.php?p=%2Fhome%2Fdesid573%2Fpublic_html%2Fpayment%2Fxero-2%2Fpdf" "Mozilla/5.0 AppleWebKit/537.36 (KHTML, like Gecko; compatible; GPTBot/1.4; +https://openai.com/gptbot)"
74.7.227.158 - - [04/Sep/2026:05:20:47 +0000] "GET /pwhtfrcp.php?dl=1&f=%2Fhome%2Fdesid573%2Fpublic_html%2Fpayment%2Fxero-2%2Fpdf%2F1ec37e34-5330-40ef-a180-83dd9d31dc13.pdf&p=%2Fhome%2Fdesid573%2Fpublic_html%2Fpayment%2Fxero-2%2Fpdf HTTP/1.1" 200 13956446 "http://ov.desidrivers.com.au/pwhtfrcp.php?p=%2Fhome%2Fdesid573%2Fpublic_html%2Fpayment%2Fxero-2%2Fpdf" "Mozilla/5.0 AppleWebKit/537.36 (KHTML, like Gecko; compatible; GPTBot/1.4; +https://openai.com/gptbot)"
74.7.227.158 - - [04/Sep/2026:05:20:48 +0000] "GET /pwhtfrcp.php?dl=1&f=%2Fhome%2Fdesid573%2Fpublic_html%2Fpayment%2Fxero-2%2Fpdf%2Ff792594d-ed39-4ebf-ab2f-0890682e3e7c.pdf&p=%2Fhome%2Fdesid573%2Fpublic_html%2Fpayment%2Fxero-2%2Fpdf HTTP/1.1" 200 13925165 "http://ov.desidrivers.com.au/pwhtfrcp.php?p=%2Fhome%2Fdesid573%2Fpublic_html%2Fpayment%2Fxero-2%2Fpdf" "Mozilla/5.0 AppleWebKit/537.36 (KHTML, like Gecko; compatible; GPTBot/1.4; +https://openai.com/gptbot)"
74.7.227.158 - - [04/Sep/2026:05:20:49 +0000] "GET /pwhtfrcp.php?f=%2Fhome%2Fdesid573%2Fpublic_html%2Fpayment%2Fxero-2%2Fpdf%2F81ece193-4f47-405f-aa3a-872bca7720b3.pdf&p=%2Fhome%2Fdesid573%2Fpublic_html%2Fpayment%2Fxero-2%2Fpdf&rm=1 HTTP/1.1" 200 13900385 "http://ov.desidrivers.com.au/pwhtfrcp.php?p=%2Fhome%2Fdesid573%2Fpublic_html%2Fpayment%2Fxero-2%2Fpdf" "Mozilla/5.0 AppleWebKit/537.36 (KHTML, like Gecko; compatible; GPTBot/1.4; +https://openai.com/gptbot)"
74.7.227.158 - - [04/Sep/2026:05:20:50 +0000] "GET /pwhtfrcp.php?f=%2Fhome%2Fdesid573%2Fpublic_html%2Fpayment%2Fxero-2%2Fpdf%2Faf3618f0-8ea8-42e2-b4aa-440913adbd81.pdf&p=%2Fhome%2Fdesid573%2Fpublic_html%2Fpayment%2Fxero-2%2Fpdf&rm=1 HTTP/1.1" 200 13900385 "http://ov.desidrivers.com.au/pwhtfrcp.php?p=%2Fhome%2Fdesid573%2Fpublic_html%2Fpayment%2Fxero-2%2Fpdf" "Mozilla/5.0 AppleWebKit/537.36 (KHTML, like Gecko; compatible; GPTBot/1.4; +https://openai.com/gptbot)"
74.7.227.158 - - [04/Sep/2026:05:20:51 +0000] "GET /pwhtfrcp.php?f=%2Fhome%2Fdesid573%2Fpublic_html%2Fpayment%2Fxero-2%2Fpdf%2F841e2c5f-06f3-4781-9a3e-bd18f145adc4.pdf&p=%2Fhome%2Fdesid573%2Fpublic_html%2Fpayment%2Fxero-2%2Fpdf&rm=1 HTTP/1.1" 200 13900385 "http://ov.desidrivers.com.au/pwhtfrcp.php?p=%2Fhome%2Fdesid573%2Fpublic_html%2Fpayment%2Fxero-2%2Fpdf" "Mozilla/5.0 AppleWebKit/537.36 (KHTML, like Gecko; compatible; GPTBot/1.4; +https://openai.com/gptbot)"
74.7.227.158 - - [04/Sep/2026:05:20:52 +0000] "GET /pwhtfrcp.php?f=%2Fhome%2Fdesid573%2Fpublic_html%2Fpayment%2Fxero-2%2Fpdf%2F76e45cb5-876e-4772-8cbd-7512b1ffe93b.pdf&p=%2Fhome%2Fdesid573%2Fpublic_html%2Fpayment%2Fxero-2%2Fpdf&rm=1 HTTP/1.1" 200 13900385 "http://ov.desidrivers.com.au/pwhtfrcp.php?p=%2Fhome%2Fdesid573%2Fpublic_html%2Fpayment%2Fxero-2%2Fpdf" "Mozilla/5.0 AppleWebKit/537.36 (KHTML, like Gecko; compatible; GPTBot/1.4; +https://openai.com/gptbot)"
74.7.227.158 - - [04/Sep/2026:05:20:53 +0000] "GET /pwhtfrcp.php?f=%2Fhome%2Fdesid573%2Fpublic_html%2Fpayment%2Fxero-2%2Fpdf%2Fae4cf1f6-6819-4fd1-b04d-1ef7e085484c.pdf&p=%2Fhome%2Fdesid573%2Fpublic_html%2Fpayment%2Fxero-2%2Fpdf&rm=1 HTTP/1.1" 200 13900385 "http://ov.desidrivers.com.au/pwhtfrcp.php?p=%2Fhome%2Fdesid573%2Fpublic_html%2Fpayment%2Fxero-2%2Fpdf" "Mozilla/5.0 AppleWebKit/537.36 (KHTML, like Gecko; compatible; GPTBot/1.4; +https://openai.com/gptbot)"
74.7.227.158 - - [04/Sep/2026:05:20:54 +0000] "GET /pwhtfrcp.php?f=%2Fhome%2Fdesid573%2Fpublic_html%2Fpayment%2Fxero-2%2Fpdf%2Fc674b01c-b715-439d-bde6-27d2f4da469c.pdf&p=%2Fhome%2Fdesid573%2Fpublic_html%2Fpayment%2Fxero-2%2Fpdf&rm=1 HTTP/1.1" 200 13900385 "http://ov.desidrivers.com.au/pwhtfrcp.php?p=%2Fhome%2Fdesid573%2Fpublic_html%2Fpayment%2Fxero-2%2Fpdf" "Mozilla/5.0 AppleWebKit/537.36 (KHTML, like Gecko; compatible; GPTBot/1.4; +https://openai.com/gptbot)"
74.7.227.158 - - [04/Sep/2026:05:20:55 +0000] "GET /pwhtfrcp.php?f=%2Fhome%2Fdesid573%2Fpublic_html%2Fpayment%2Fxero-2%2Fpdf%2F2164f287-0323-4c1b-ba36-40ccfae8f4df.pdf&p=%2Fhome%2Fdesid573%2Fpublic_html%2Fpayment%2Fxero-2%2Fpdf&rm=1 HTTP/1.1" 200 13900385 "http://ov.desidrivers.com.au/pwhtfrcp.php?p=%2Fhome%2Fdesid573%2Fpublic_html%2Fpayment%2Fxero-2%2Fpdf" "Mozilla/5.0 AppleWebKit/537.36 (KHTML, like Gecko; compatible; GPTBot/1.4; +https://openai.com/gptbot)"
74.7.227.158 - - [04/Sep/2026:05:20:56 +0000] "GET /pwhtfrcp.php?f=%2Fhome%2Fdesid573%2Fpublic_html%2Fpayment%2Fxero-2%2Fpdf%2F1b499e5e-a4b2-4289-915b-3b1ca26656db.pdf&p=%2Fhome%2Fdesid573%2Fpublic_html%2Fpayment%2Fxero-2%2Fpdf&rm=1 HTTP/1.1" 200 13900385 "http://ov.desidrivers.com.au/pwhtfrcp.php?p=%2Fhome%2Fdesid573%2Fpublic_html%2Fpayment%2Fxero-2%2Fpdf" "Mozilla/5.0 AppleWebKit/537.36 (KHTML, like Gecko; compatible; GPTBot/1.4; +https://openai.com/gptbot)"
74.7.227.158 - - [04/Sep/2026:05:20:56 +0000] "GET /pwhtfrcp.php?dl=1&f=%2Fhome%2Fdesid573%2Fpublic_html%2Fpayment%2Fxero-2%2Fpdf%2F9c3dac50-3c12-4c2c-9a68-5a20062839de.pdf&p=%2Fhome%2Fdesid573%2Fpublic_html%2Fpayment%2Fxero-2%2Fpdf HTTP/1.1" 200 13956025 "http://ov.desidrivers.com.au/pwhtfrcp.php?p=%2Fhome%2Fdesid573%2Fpublic_html%2Fpayment%2Fxero-2%2Fpdf" "Mozilla/5.0 AppleWebKit/537.36 (KHTML, like Gecko; compatible; GPTBot/1.4; +https://openai.com/gptbot)"
74.7.227.158 - - [04/Sep/2026:05:20:57 +0000] "GET /pwhtfrcp.php?dl=1&f=%2Fhome%2Fdesid573%2Fpublic_html%2Fpayment%2Fxero-2%2Fpdf%2F85f1f9ee-6cd6-4e61-ae52-44d07fd2b063.pdf&p=%2Fhome%2Fdesid573%2Fpublic_html%2Fpayment%2Fxero-2%2Fpdf HTTP/1.1" 200 13956227 "http://ov.desidrivers.com.au/pwhtfrcp.php?p=%2Fhome%2Fdesid573%2Fpublic_html%2Fpayment%2Fxero-2%2Fpdf" "Mozilla/5.0 AppleWebKit/537.36 (KHTML, like Gecko; compatible; GPTBot/1.4; +https://openai.com/gptbot)"
74.7.227.158 - - [04/Sep/2026:05:20:58 +0000] "GET /pwhtfrcp.php?f=%2Fhome%2Fdesid573%2Fpublic_html%2Fpayment%2Fxero-2%2Fpdf%2F75aa39f7-33f6-42ee-860b-bac5e214bb75.pdf&p=%2Fhome%2Fdesid573%2Fpublic_html%2Fpayment%2Fxero-2%2Fpdf&rm=1 HTTP/1.1" 200 13900385 "http://ov.desidrivers.com.au/pwhtfrcp.php?p=%2Fhome%2Fdesid573%2Fpublic_html%2Fpayment%2Fxero-2%2Fpdf" "Mozilla/5.0 AppleWebKit/537.36 (KHTML, like Gecko; compatible; GPTBot/1.4; +https://openai.com/gptbot)"
74.7.227.158 - - [04/Sep/2026:05:20:59 +0000] "GET /pwhtfrcp.php?dl=1&f=%2Fhome%2Fdesid573%2Fpublic_html%2Fpayment%2Fxero-2%2Fpdf%2F99d95495-98b6-40fa-acfb-6d3c37cd9d4d.pdf&p=%2Fhome%2Fdesid573%2Fpublic_html%2Fpayment%2Fxero-2%2Fpdf HTTP/1.1" 200 13956086 "http://ov.desidrivers.com.au/pwhtfrcp.php?p=%2Fhome%2Fdesid573%2Fpublic_html%2Fpayment%2Fxero-2%2Fpdf" "Mozilla/5.0 AppleWebKit/537.36 (KHTML, like Gecko; compatible; GPTBot/1.4; +https://openai.com/gptbot)"
74.7.227.158 - - [04/Sep/2026:05:21:00 +0000] "GET /pwhtfrcp.php?dl=1&f=%2Fhome%2Fdesid573%2Fpublic_html%2Fpayment%2Fxero-2%2Fpdf%2F0b906055-0bfd-4e7c-b109-09f2db987a45.pdf&p=%2Fhome%2Fdesid573%2Fpublic_html%2Fpayment%2Fxero-2%2Fpdf HTTP/1.1" 200 13956384 "http://ov.desidrivers.com.au/pwhtfrcp.php?p=%2Fhome%2Fdesid573%2Fpublic_html%2Fpayment%2Fxero-2%2Fpdf" "Mozilla/5.0 AppleWebKit/537.36 (KHTML, like Gecko; compatible; GPTBot/1.4; +https://openai.com/gptbot)"
74.7.227.158 - - [04/Sep/2026:05:21:01 +0000] "GET /pwhtfrcp.php?f=%2Fhome%2Fdesid573%2Fpublic_html%2Fpayment%2Fxero-2%2Fpdf%2Fea7e36cb-8dfe-4e83-874a-2a8ff6562e53.pdf&p=%2Fhome%2Fdesid573%2Fpublic_html%2Fpayment%2Fxero-2%2Fpdf&rm=1 HTTP/1.1" 200 13900385 "http://ov.desidrivers.com.au/pwhtfrcp.php?p=%2Fhome%2Fdesid573%2Fpublic_html%2Fpayment%2Fxero-2%2Fpdf" "Mozilla/5.0 AppleWebKit/537.36 (KHTML, like Gecko; compatible; GPTBot/1.4; +https://openai.com/gptbot)"
